 base 14
5175
-13700 (base 13) to base 4
-20313233
What is -24530 (base 6) in base 7?
-13440
125340 (base 6) to base 5
332310
What is -c5f (base 16) in base 4?
-301133
Convert -6de3 (base 15) to base 13.
-a851
What is 9438 (base 12) in base 8?
37454
Convert -462 (base 11) to base 7.
-1416
Convert -2111 (base 7) to base 14.
-3b1
-96b3 (base 13) to base 16
-51c5
-691 (base 11) to base 6
-3454
-172 (base 11) to base 13
-125
1010102 (base 3) to base 4
30311
Convert 604 (base 7) to base 2.
100101010
Convert -182 (base 14) to base 12.
-21a
What is -114104 (base 7) in base 10?
-20633
Convert -17232 (base 8) to base 7.
-31561
Convert 672 (base 8) to base 15.
1e7
-183 (base 11) to base 2
-11010100
Convert 50232 (base 6) to base 4.
1212230
-1120100112 (base 3) to base 10
-30875
Convert -20112 (base 6) to base 7.
-10454
What is 147 (base 11) in base 7?
334
Convert -89d7 (base 16) to base 14.
-cc07
-1bc (base 14) to base 7
-1025
What is -1100101111010111 (base 2) in base 7?
-305065
Convert c3c (base 16) to base 4.
300330
What is 41510 (base 9) in base 4?
12223323
34021 (base 5) to base 3
10021101
-844 (base 11) to base 6
-4412
Convert 10010101110 (base 2) to base 10.
1198
-135 (base 16) to base 5
-2214
-4b4 (base 13) to base 7
-2254
What is -16051 (base 12) in base 7?
-156601
Convert 40d (base 16) to base 7.
3011
What is -9df (base 16) in base 14?
-cc7
What is -292 (base 11) in base 9?
-421
What is 101001121 (base 3) in base 16?
1ca5
7cc (base 14) to base 2
11000010000
Convert -1882 (base 14) to base 6.
-32254
What is -5233 (base 8) in base 2?
-101010011011
What is -61153 (base 8) in base 5?
-1301240
What is -11882 (base 11) in base 7?
-100436
Convert 73c3 (base 14) to base 13.
911c
Convert -20257 (base 10) to base 2.
-100111100100001
Convert -1437 (base 9) to base 2.
-10000111111
What is 10121010 (base 3) in base 12?
1626
What is af7 (base 16) in base 4?
223313
1110100001 (base 2) to base 8
1641
Convert -163030 (base 7) to base 15.
-985d
1031 (base 5) to base 6
353
2c (base 13) to base 4
212
Convert 154212 (base 7) to base 6.
352123
What is -3860 (base 10) in base 14?
-159a
-27777 (base 8) to base 14
-4699
245 (base 6) to base 5
401
Convert -551 (base 10) to base 11.
-461
Convert -15202 (base 8) to base 11.
-510a
Convert -89 (base 10) to base 6.
-225
329a (base 12) to base 3
21200001
-a0 (base 12) to base 10
-120
What is -2c02 (base 14) in base 5?
-222332
Convert -690 (base 13) to base 12.
-7a3
What is -11120121 (base 3) in base 2?
-110100001001
What is -132411 (base 6) in base 9?
-17717
-2756 (base 8) to base 15
-6b3
Convert -27b3 (base 15) to base 16.
-212d
Convert -2322 (base 9) to base 11.
-1325
Convert -14109 (base 12) to base 9.
-42120
Convert -42204 (base 5) to base 7.
-11114
220100210 (base 3) to base 14
6688
-14304 (base 6) to base 3
-10010011
Convert -2112211100 (base 3) to base 12.
-25053
-14325 (base 7) to base 9
-5356
Convert -3061 (base 15) to base 7.
-41533
Convert 2a (base 13) to base 10.
36
-2569 (base 12) to base 13
-1c26
What is 808 (base 10) in base 2?
1100101000
-3589 (base 16) to base 9
-20717
Convert 6941 (base 12) to base 10.
11713
Convert 533 (base 8) to base 10.
347
Convert -a5 (base 15) to base 5.
-1110
-263b0 (base 12) to base 4
-30302310
Convert -401 (base 13) to base 11.
-566
Convert -1a8 (base 12) to base 8.
-420
5450 (base 8) to base 5
42411
-1341 (base 5) to base 14
-11b
3630 (base 8) to base 15
899
Convert -36036 (base 7) to base 10.
-9288
1260 (base 10) to base 6
5500
What is -772a (base 12) in base 15?
-3d5d
88 (base 9) to base 5
310
213031 (base 4) to base 10
2509
705 (base 10) to base 8
1301
What is -45b (base 15) in base 2?
-1111011010
What is 111204 (base 5) in base 16?
f59
17572 (base 8) to base 13
388b
Convert -b24 (base 15) to base 5.
-40014
2202111 (base 3) to base 13
bb9
What is 2122 (base 5) in base 13?
191
What is -1706 (base 9) in base 7?
-3540
Convert 7072 (base 9) to base 3.
21002102
What is -122032 (base 4) in base 14?
-87c
-870 (base 9) to base 7
-2034
27c (base 14) to base 16
1f6
What is -25162 (base 8) in base 10?
-10866
What is 135 (base 12) in base 14?
d3
What is 1250 (base 15) in base 7?
14241
-31665 (base 7) to base 10
-7887
Convert 331351 (base 7) to base 14.
17298
Convert 1112021100 (base 3) to base 14.
ad71
-2447 (base 16) to base 12
-545b
What is 1124 (base 6) in base 9?
327
What is -2985 (base 11) in base 15?
-1214
What is -143422 (base 6) in base 5?
-420031
Convert 127 (base 8) to base 16.
57
What is 1a4 (base 13) in base 14?
179
-110000011001001 (base 2) to base 16
-60c9
What is -95 (base 14) in base 5?
-1011
Convert 11370 (base 10) to base 6.
124350
What is -13042 (base 5) in base 14?
-530
What is 7207 (base 9) in base 12?
3074
What is -160b (base 12) in base 13?
-1253
What is -354404 (base 7) in base 16?
-f9fe
What is 14c07 (base 14) in base 4?
30220213
-1400 (base 7) to base 8
-1033
Convert -495 (base 10) to base 14.
-275
What is 818 (base 14) in base 11?
1216
What is 101122 (base 3) in base 12?
1bb
-1640 (base 10) to base 3
-2020202
52 (base 12) to base 15
42
-101000111110 (base 2) to base 9
-3533
-70 (base 8) to base 3
-2002
-21521 (base 9) to base 12
-8317
What is -975 (base 10) in base 5?
-12400
-2b80 (base 13) to base 11
-485a
Convert -1416 (base 12) to base 4.
-210102
What is -467 (base 10) in base 4?
-13103
114051 (base 7) to base 10
20616
-697 (base 10) to base 3
-221211
Convert -26491 (base 13) to base 14.
-1bca6
-111000100011 (base 2) to base 5
-103434
-2c5 (base 14) to base 5
-4230
Convert 2373 (base 13) to base 2.
1001110000011
3555 (base 8) to base 11
1479
Convert -2241 (base 6) to base 16.
-211
1d43 (base 14) to base 7
21413
Convert -135215 (base 6) to base 8.
-31033
What is -2063 (base 9) in base 7?
-4263
Convert -3344 (base 6) to base 4.
-30100
Convert -892 (base 15) to base 8.
-3621
What is 102121 (base 4) in base 13?
6c7
-259 (base 11) to base 16
-132
-1031 (base 8) to base 7
-1365
Convert 1111202 (base 5) to base 6.
230304
Convert 2278 (base 13) to base 6.
34211
Convert 8008 (base 11) to base 7.
43032
What is -c85 (base 16) in base 13?
-15c7
-5943 (base 11) to base 12
-4613
What is -49a5 (base 11) in base 7?
-25014
-5114 (base 7) to base 6
-12115
What is -3b1 (base 12) in base 14?
-2c5
741 (base 12) to base 8
2041
What is 320132 (base 4) in base 8?
7036
835 (base 10) to base 12
597
Convert -1ea8 (base 15) to base 16.
-1a1b
-192 (base 11) to base 9
-266
What is 470 (base 12) in base 9?
813
Convert 2280 (base 13) to base 5.
123321
What is 22011 (base 4) in base 6?
2553
1b1dc (base 14) to base 8
206576
-131507 (base 9) to base 10
-79873
What is 29c75 (base 13) in base 16?
134ab
Convert -1484 (base 11) to base 10.
-1907
2102122212 (base 3) to base 11
32a66
Convert 1001011111010 (base 2) to base 8.
11372
-123 (base 7) to base 4
-1002
Convert -21210300 (base 4) to base 15.
-b946
1001110011 (base 2) to base 9
766
Convert 18258 (base 12) to base 10.
34916
What is -af3 (base 16) in base 7?
-11113
What is 1000011010011 (base 2) in base 9?
5815
What is -13455 (base 7) in base 2?
-111001010010
What is 2314 (base 13) in base 15?
16cd
198 (base 16) to base 12
2a0
Convert 5b4 (base 14) to base 3.
1120011
-251154 (base 6) to base 9
-33547
-10414 (base 5) to base 13
-446
Convert 486 (base 11) to base 3.
210102
Convert 1202020112 (base 3) to base 9.
52215
Convert 1a6a (base 14) to base 15.
164d
Convert 1646b (base 13) to base 7.
234634
What is 5005 (base 16) in base 3?
1001002201
Convert -415050 (base 6) to base 9.
-50863
What is -1100111001110110 (base 2) in base 14?
-15394
What is -1032 (base 10) in base 3?
-1102020
30302 (base 6) to base 11
3005
-321424 (base 5) to base 9
-15811
Convert 30 (base 12) to base 2.
100100
-1125 (base 6) to base 3
-100222
43b (base 15) to base 9
1272
441022 (base 5) to base 9
22678
Convert -a23 (base 15) to base 9.
-3116
What is -506 (base 15) in base 7?
-3204
-122 (base 16) to base 5
-2130
-15524 (base 6) to base 12
-15a4
Convert 175a5 (base 13) to base 2.
1010111101111000
a36 (base 13) to base 15
7aa
What is -9a0 (base 16) in base 15?
-ae4
Convert 22213 (base 4) to base 11.
568
cd68 (base 14) to base 12
18700
What is -2899 (base 10) in base 4?
-231103
Convert -32353 (base 8) to base 11.
-a1a6
Convert 60d (base 15) to base 3.
1212111
What is 1a9 (bas